. Is (g/12)/(3/(-2274)) composite?
False
Let y = -16542 + 24644. Is y a prime number?
False
Let n be (24/(-14))/(122/(-427)). Let m(g) be the second derivative of 3*g**4/4 + 2*g**3/3 - 9*g**2/2 - g. Is m(n) prime?
False
Is -2 + 5/1 + 7352 a prime number?
False
Let a be (40/(-18) + 2)*-9. Suppose 0 = -3*o - a*o + 8465. Suppose -5*n - 1602 + 253 = -4*l, 0 = 5*l - 4*n - o. Is l prime?
False
Let x be 1/(2/(-14)) - (-20)/(-5). Is -1 + x/(55/(-5310)) prime?
True
Let q(h) = 2*h + 9. Let y(d) = -2*d**2 - 15*d + 11. Let b be y(-8). Suppose -o + 14 = -f + b*f, -2*f + 3*o + 6 = 0. Is q(f) a composite number?
True
Let z(f) = f**3 - 11*f**2 - 42*f + 7. Let a be z(14). Let q(d) = d + 8. Let i be q(0). Suppose -v = -i - a. Is v composite?
True
Let d(n) = 4*n - 16. Let b be d(5). Suppose 40 = -5*i - 2*w + b*w, -3*i + 5*w = 43. Let j(f) = -15*f - 21. Is j(i) prime?
False
Let n(b) = -b**3 - 24*b**2 - 23*b + 13. Let y be n(-23). Suppose 426 = 15*g - y*g + 4*v, -2*v + 846 = 4*g. Is g a composite number?
False
Suppose -5*i = -4*w + 270, 2*w - 215 = 4*i - w. Let n = 10 + i. Is (-12285)/n + 3/(-24) a prime number?
True
Let k = -2 + 4. Suppose k*c + 3*c = 120. Let y = 142 - c. Is y prime?
False
Let w be (16/6)/((-24)/(-36)). Suppose 0 = w*z + z - 10. Is 1/(1788/892 - z) a prime number?
True
Let h = -4971 + -322. Let w = -2688 - h. Is w prime?
False
Suppose 3*x - 1160 = 2*o - 277, -4*x + 1183 = 3*o. Is x a composite number?
True
Suppose 4*a = -3*v + 829, 4*a - 3*a + 2*v - 206 = 0. Suppose -3*t = -q + 232, a = q + 2*t + 3*t. Is q a prime number?
True
Suppose -72176 = -5*i - 3*u, -4*i - 8614 + 66377 = -5*u. Is i a prime number?
True
Let t(l) = l**3 - 8*l**2 - 9*l - 6. Let n be t(9). Is 4/(-6) + (-1270)/n a composite number?
False
Let o = 378 + -211. Is (3 + -1)*(-2 + o/2) composite?
False
Suppose -20*r = -21*r - 8. Is (-12)/r - 6249/(-6) prime?
False
Let g = 3 + -5. Let i = 8 + g. Suppose 0 = -i*l + 3*l + 477. Is l prime?
False
Suppose 0 = 5*g - c - 48660, -4*g + 38929 = 5*c - 6*c. Is g a prime number?
False
Suppose -2*u = 49 + 189. Let t = 178 + u. Is t composite?
False
Let i(m) = -2*m**2 - m - 609. Let p = 2 - 2. Let q be i(p). Let x = q - -874. Is x a composite number?
True
Let d = 21 + -19. Let v be 4/(-2)*-1 + d. Suppose 7*g - v*g = 642. Is g prime?
False
Let r(b) = 19*b + 34*b - 7 - 34*b. Let p be r(-5). Is (-3 + -2)*p/15 composite?
True
Let s(q) = 21*q**2 + q + 1. Is s(-2) a composite number?
False
Let k(q) be the third derivative of 11/24*q**4 - 5/6*q**3 + 5*q**2 + 0*q + 0. Is k(12) a prime number?
True
Let w be ((-76)/57)/((-2)/(-6)). Is 2*(w + 3) + 23 a prime number?
False
Let u = 12116 - 5497. Is u composite?
False
Let i(f) = -5*f**3 + f + 1. Let j be i(-1). Suppose -j*s + 4 = 5*o - 1, -3*s = -o + 1. Is o/(-3) + 160/12 a prime number?
True
Suppose -134141 = 6*s - 566579. Is s composite?
False
Suppose 0 = -3*v - 0*v + s + 2, 4*s = 2*v - 8. Suppose -5*m = -v*p - 2*p + 589, 3*p + 5*m - 946 = 0. Is p a composite number?
False
Let p(n) = 13*n**2 - 2*n + 6. Let l be (-2 - (-22)/(-4))*(-10)/(-15). Is p(l) composite?
True
Let o(t) = -15*t**3 - 2*t**2 + 1. Let n(q) = q + 15. Let m be n(-13). Suppose 5*z + m + 4 = 2*r, -4*r = 3*z + 14. Is o(z) prime?
True
Suppose 29*a - 446615 = 158818. Is a prime?
False
Suppose -2*n + 16 = -2*u - 2*u, -3*n - 4*u = 6. Suppose 4*o - 258 = 3*o. Suppose -5*s + n*m + o = 3*m, -3*s - 3*m + 162 = 0. Is s prime?
False
Suppose -5*l + 47625 = 7*c - 2*c, 9529 = c - l. Is c prime?
False
Suppose -w = -7*w - 2*w. Suppose -d - 128 + 669 = w. Is d composite?
False
Let a = 146 + -69. Suppose -a - 181 = -2*h. Is h composite?
True
Is ((-296333)/(-74))/((-1)/(-2)) a prime number?
True
Let o = -7 - -28. Is o a prime number?
False
Suppose -17*m + 36 = -5*m. Suppose 5*i + m*o - 3782 = 4411, -4*o = 2*i - 3266. Is i a prime number?
False
Suppose 5*u + 863 = -2*q, -3*q - 2*q + u = 2144. Let c(w) = 109*w - 77. Let f be c(7). Let l = q + f. Is l a prime number?
True
Suppose -2*g - 2*g = 5*l + 5, -10 = -5*l - g. Suppose 4*i - 3*t - 10037 = 0, l*t = -0*t + 15. Is i a prime number?
False
Let a(j) = j**2 + 2*j - 11. Let q = 27 + -4. Suppose -q = -3*w - 5. Is a(w) a prime number?
True
Suppose 0*p + p - 8 = 0. Suppose p = h - 37. Let a = h + -11. Is a composite?
True
Is (-21)/((-147)/14)*203102/4 prime?
False
Is -7 - (-14 - -7) - 14/(-2) prime?
True
Suppose 194965 = 198*v - 193*v. Is v composite?
False
Let l(s) = 175*s**2 + s - 23. Is l(8) a composite number?
True
Let h = 50956 + -30387. Is h a composite number?
True
Let r(n) = -38*n**3 + n. Let c be r(1). Suppose 3*j = -0*j - 189. Let u = c - j. Is u prime?
False
Is (7 - (9 - -2)) + 1*921 a prime number?
False
Let s(b) be the second derivative of -b**5/20 + b**3/6 + 161*b**2/2 + 3*b. Is s(0) prime?
False
Let f(o) = o**3 + 5*o**2 + 2*o + 5. Let a be f(-5). Let c(r) = -r - 6. Let z be c(a). Is (-94)/(z + 0) + 3 a composite number?
False
Let d(q) = -75*q**2 + 5*q + 5. Let p be d(5). Let r be 2*(p - -3)/(-1). Is r/30*10/4 a composite number?
False
Suppose 18 = -3*c - 24. Is (-1645)/c - 9/(-6) composite?
True
Let v be (-3)/(2/(4 + -6)). Suppose v*z + z + 8 = 4*c, 5*c = z + 10. Suppose -3*i - 5*n - 153 = -1804, -3*i - c*n + 1663 = 0. Is i a prime number?
True
Let p be (1 + -3)/(28/(-70)). Suppose -p*w + 8*w = 6. Suppose w*c + 387 = 5*c. Is c a prime number?
False
Let c be ((-2)/6)/((-2)/(-18)). Is ((-762)/18)/(1/c) a prime number?
True
Let l(a) = a**2 - 10*a + 4. Let m be l(-19). Suppose -3*h + 4*r + 1655 = 0, h + 4*r - m = 2*r. Is h a prime number?
False
Let u(l) = -l - 1. Let i(t) = -5*t - 21. Let g(a) = -i(a) + 4*u(a). Let m(h) = h**3 + 3*h**2 + 4*h + 5. Let x be m(-3). Is g(x) composite?
True
Let d(u) = -u**3 - 5*u**2 + 14*u + 7. Let q be d(-7). Suppose q*r - 6763 + 78 = 0. Is r a composite number?
True
Suppose -3 + 12 = -3*r. Let v be 3/(-1)*1348/r. Suppose 3*n = -n + v. Is n composite?
False
Let n(q) = q**2 - 20*q + 41. Let c be n(18). Suppose -4*m - 587 = -c*m. Is m prime?
True
Let m = 8141 - 2560. Suppose -m = -5*s - 3*l, -4*l - 1105 = -s + l. Is s prime?
False
Suppose 34 = 3*w - j, 3 = 3*w + 2*j - 37. Is (3798 - w) + 2 + -1 a composite number?
True
Let w(t) = 7*t**3 - 40*t**2 - 12*t + 43. Is w(20) a prime number?
False
Suppose 7*m - 166 = 5*m. Let d = m + 60. Is d a prime number?
False
Suppose -2 = -2*n - 3*d, -5*d - 3 = -13. Let s = n - -7. Suppose 589 = s*g - 466. Is g a prime number?
True
Suppose a - 9 = -10, -5*b = 3*a - 19942. Is b prime?
True
Let b be 68/(-8) + 3/2. Let r = -7 - b. Suppose r*p + 5*p = 605. Is p composite?
True
Suppose 0 = 17*w - 23*w + 6906. Is w a prime number?
True
Let j(g) = -374*g + 3. Let w be -1 + 3/12*0. Is j(w) a prime number?
False
Suppose -h + 4 = -0. Suppose -h*w = 603 - 1571. Suppose 624 = 5*c - 4*n - 631, -n + w = c. Is c a prime number?
False
Let r be (-1 - 2) + (-3)/(0 + -3). Is (-725)/(-1) + 0 - r/1 a composite number?
False
Let y(g) = -g**2 - g - 1. Let x(u) = 22*u - 17. Let v(z) = -x(z) - 2*y(z). Is v(16) prime?
True
Suppose -6 + 1 = -v. Suppose 2*s - 4*x = 632, -v*x = -5*s - 6*x + 1580. Is 1/(s/(-106) + 3) prime?
True
Let z be 2 + 2 + -1 + 1. Suppose 354 = -2*c - 3*h, 2*c - 4*c - z*h = 350. Let k = c + 316. Is k a composite number?
True
Is (1 - -2)/(58608/19534 - 3) a composite number?
False
Let j = -65091 - -124530. Is j a prime number?
False
Suppose 5*f - 84405 = -4*j, -4*f - f + 84390 = j. Is f a composite number?
True
Let d = -2 - -34. Suppose 0 = 5*p - p + d. Let l(x) = x**2 + 3*x - 7. Is l(p) prime?
False
Suppose 4*h - 21*i + 16*i - 18797 = 0, -h - 2*i = -4709. Is h composite?
False
Suppose -l - 10 = 2*p, -5*l - 11 = p + 3. Is 2391*(1 + p/6) a composite number?
False
Let r = -115668 + 218803. Is r a composite number?
True
Suppose 188 = 2*c - 576. Suppose -9*z - c = -11*z. Is z a prime number?
True
Let j = 6 - -1. Let r(v) be the second derivative of 12*v**3 - 17*v**2/2 + 11*v. Is r(j) composite?
False
Let a(j) = j**3 + 10*j**2 + 8*j - 5. Let m be a(-9). Suppose -m*v - 33 = 7. Is (-4785)/v*2/3 a composite number?
True
Let d(r) = 17*r - 8. Let p be d(-7). Let v = p + 396. Is v prime?
True
Let w be ((-9)/27)/((-2)/36). Suppose 5260 = -b + w*b. Let g = b - -207. Is g composite?
False
Let v = 13824 - 6637. Is v prime?
True
Let j be (-1)/((-3)/(-12) - 0)*2. Is -2 + (-